{"id":5,"date":"2023-11-21T08:28:52","date_gmt":"2023-11-21T08:28:52","guid":{"rendered":"http:\/\/vstupenky.zusfrenstat.cz\/subdom\/vstupenky\/?page_id=5"},"modified":"2025-04-16T10:51:35","modified_gmt":"2025-04-16T08:51:35","slug":"5-2","status":"publish","type":"page","link":"https:\/\/vstupenky.zusfrenstat.cz\/subdom\/vstupenky\/","title":{"rendered":"Rezervace vstupenek"},"content":{"rendered":"\n<div class=\"wp-block-group hide has-global-padding is-layout-constrained wp-container-core-group-is-layout-233fb88e wp-block-group-is-layout-constrained\" style=\"padding-top:0;padding-bottom:0\">\n<ol class=\"wp-block-list\">\n<li>Vyberte <mark style=\"background-color:rgba(0, 0, 0, 0)\" class=\"has-inline-color has-contrast-2-color\"><strong>po\u017eadovan\u00e9 sedadlo<\/strong><\/mark><\/li>\n\n\n\n<li>Po vybr\u00e1n\u00ed sedadel, <mark style=\"background-color:rgba(0, 0, 0, 0)\" class=\"has-inline-color has-contrast-2-color\">klikn\u011bte na tla\u010d\u00edtko<\/mark> &#8222;<strong>Rezervace<\/strong>&#8222;<\/li>\n\n\n\n<li>Zadejte <mark style=\"background-color:rgba(0, 0, 0, 0)\" class=\"has-inline-color has-contrast-2-color\"><strong>jm\u00e9no a p\u0159\u00edjmen\u00ed<\/strong><\/mark> a pokra\u010dujte dle instrukc\u00ed<br><\/li>\n<\/ol>\n\n\n<iframe style='width:100%;height:800px' src='https:\/\/vstupenky.zusfrenstat.cz\/subdom\/vstupenky\/seatreg?seatreg=registration&c=87ece91e55&page_id=seatreg'><\/iframe>\n<\/div>\n\n\n\n<p class=\"has-text-align-center\">Rezerva\u010dn\u00ed syst\u00e9m akc\u00ed po\u0159\u00e1dan\u00fdch ZU\u0160 Fren\u0161t\u00e1t pod Radho\u0161t\u011bm. <br><mark style=\"background-color:rgba(0, 0, 0, 0)\" class=\"has-inline-color has-contrast-color\">1. Vyberte<\/mark><mark style=\"background-color:rgba(0, 0, 0, 0)\" class=\"has-inline-color has-contrast-2-color\"> <\/mark><mark style=\"background-color:rgba(0, 0, 0, 0)\" class=\"has-inline-color has-contrast-color\">po\u017eadovan\u00e9<\/mark><mark style=\"background-color:rgba(0, 0, 0, 0)\" class=\"has-inline-color has-contrast-2-color\"> vystoupen\u00ed v <strong>horn\u00ed li\u0161t\u011b<\/strong><\/mark><br><mark style=\"background-color:rgba(0, 0, 0, 0)\" class=\"has-inline-color has-contrast-color\">2. Postupujte<\/mark><mark style=\"background-color:rgba(0, 0, 0, 0)\" class=\"has-inline-color has-contrast-2-color\"> podle <strong>instrukc\u00ed<\/strong><\/mark><mark style=\"background-color:rgba(0, 0, 0, 0)\" class=\"has-inline-color has-contrast-color\"> na obrazovce<\/mark><\/p>\n","protected":false},"excerpt":{"rendered":"<p>Rezerva\u010dn\u00ed syst\u00e9m akc\u00ed po\u0159\u00e1dan\u00fdch ZU\u0160 Fren\u0161t\u00e1t pod Radho\u0161t\u011bm. 1. Vyberte po\u017eadovan\u00e9 vystoupen\u00ed v horn\u00ed li\u0161t\u011b2. Postupujte podle instrukc\u00ed na obrazovce<\/p>\n","protected":false},"author":1,"featured_media":0,"parent":0,"menu_order":0,"comment_status":"closed","ping_status":"closed","template":"","meta":{"footnotes":""},"class_list":["post-5","page","type-page","status-publish","hentry"],"_links":{"self":[{"href":"https:\/\/vstupenky.zusfrenstat.cz\/subdom\/vstupenky\/wp-json\/wp\/v2\/pages\/5","targetHints":{"allow":["GET"]}}],"collection":[{"href":"https:\/\/vstupenky.zusfrenstat.cz\/subdom\/vstupenky\/wp-json\/wp\/v2\/pages"}],"about":[{"href":"https:\/\/vstupenky.zusfrenstat.cz\/subdom\/vstupenky\/wp-json\/wp\/v2\/types\/page"}],"author":[{"embeddable":true,"href":"https:\/\/vstupenky.zusfrenstat.cz\/subdom\/vstupenky\/wp-json\/wp\/v2\/users\/1"}],"replies":[{"embeddable":true,"href":"https:\/\/vstupenky.zusfrenstat.cz\/subdom\/vstupenky\/wp-json\/wp\/v2\/comments?post=5"}],"version-history":[{"count":28,"href":"https:\/\/vstupenky.zusfrenstat.cz\/subdom\/vstupenky\/wp-json\/wp\/v2\/pages\/5\/revisions"}],"predecessor-version":[{"id":126,"href":"https:\/\/vstupenky.zusfrenstat.cz\/subdom\/vstupenky\/wp-json\/wp\/v2\/pages\/5\/revisions\/126"}],"wp:attachment":[{"href":"https:\/\/vstupenky.zusfrenstat.cz\/subdom\/vstupenky\/wp-json\/wp\/v2\/media?parent=5"}],"curies":[{"name":"wp","href":"https:\/\/api.w.org\/{rel}","templated":true}]}}

<div class="wp-block-group hide has-global-padding is-layout-constrained wp-container-core-group-is-layout-233fb88e wp-block-group-is-layout-constrained" style="padding-top:0;padding-bottom:0">
<ol class="wp-block-list">
<li>Vyberte <mark style="background-color:rgba(0, 0, 0, 0)" class="has-inline-color has-contrast-2-color"><strong>požadované sedadlo</strong></mark></li>



<li>Po vybrání sedadel, <mark style="background-color:rgba(0, 0, 0, 0)" class="has-inline-color has-contrast-2-color">klikněte na tlačítko</mark> &#8222;<strong>Rezervace</strong>&#8222;</li>



<li>Zadejte <mark style="background-color:rgba(0, 0, 0, 0)" class="has-inline-color has-contrast-2-color"><strong>jméno a příjmení</strong></mark> a pokračujte dle instrukcí<br></li>
</ol>


<iframe style='width:100%;height:800px' src='https://vstupenky.zusfrenstat.cz/subdom/vstupenky/seatreg?seatreg=registration&c=87ece91e55&page_id=seatreg'></iframe>
</div>



<p class="has-text-align-center">Rezervační systém akcí pořádaných ZUŠ Frenštát pod Radhoštěm. <br><mark style="background-color:rgba(0, 0, 0, 0)" class="has-inline-color has-contrast-color">1. Vyberte</mark><mark style="background-color:rgba(0, 0, 0, 0)" class="has-inline-color has-contrast-2-color"> </mark><mark style="background-color:rgba(0, 0, 0, 0)" class="has-inline-color has-contrast-color">požadované</mark><mark style="background-color:rgba(0, 0, 0, 0)" class="has-inline-color has-contrast-2-color"> vystoupení v <strong>horní liště</strong></mark><br><mark style="background-color:rgba(0, 0, 0, 0)" class="has-inline-color has-contrast-color">2. Postupujte</mark><mark style="background-color:rgba(0, 0, 0, 0)" class="has-inline-color has-contrast-2-color"> podle <strong>instrukcí</strong></mark><mark style="background-color:rgba(0, 0, 0, 0)" class="has-inline-color has-contrast-color"> na obrazovce</mark></p>

<p>Rezervační systém akcí pořádaných ZUŠ Frenštát pod Radhoštěm. 1. Vyberte požadované vystoupení v horní liště2. Postupujte podle instrukcí na obrazovce</p>
